 when 163 is divided by o.
16
Let d(f) = f**2 - 33*f - 145. Let b(t) = -t**3 - 6*t**2 - 3*t - 2. What is the remainder when b(-6) is divided by d(-4)?
1
Suppose 10 = 2*b + 5*n - 16, 3*n = 12. Suppose -70*h = -69*h + 2*q - 10, 5*h + 2*q - 50 = 0. Calculate the remainder when h is divided by b.
1
Let f = 11 + -9. Suppose -3*i + 0*i = -5*o - 26, -f*i = o. Suppose 123 = 5*z - i*t, -t = -2*z - 4*t + 53. What is the remainder when z is divided by 7?
4
What is the remainder when 9 - 3438/(-63) - (-4)/(-7) is divided by 21?
0
Suppose 140 = -3*v + 170. Suppose -v*w + 200 = -6*w. Calculate the remainder when 147 is divided by w.
47
Suppose -4*r + r - 162 = -3*j, -3*r + 6 = 0. Calculate the remainder when j is divided by 19.
18
Let q(k) = k - 5. Let h be q(9). Suppose 2*m - 4 = 0, h*m = 3*o + 7*m - 315. Calculate the remainder when o is divided by 21.
19
Suppose 4*o = 5*o. Suppose -2*a + 3*s + 6 + 0 = o, 2*a - 18 = -3*s. Suppose 86 + 16 = a*f. What is the remainder when 32 is divided by f?
15
Let h = 154 + -107. Calculate the remainder when h is divided by (-29)/(-3) - (5/3 + -2).
7
Suppose 3*k = -5*u + 30, 12*k - 10*k + 19 = u. What is the remainder when 70 is divided by u?
7
Let i = 251 - 115. Let s = -62 + i. Calculate the remainder when s is divided by 38.
36
Let g = -190 - -221. What is the remainder when 215 is divided by g?
29
Let g = -30 - -49. Calculate the remainder when -276*(1 - (-16)/(-12)) is divided by g.
16
Let s(z) = 3*z**2 + 2*z - 8. Let h(f) = -7*f**2 - 4*f + 16. Let c(i) = -6*h(i) - 13*s(i). What is the remainder when 86 is divided by c(3)?
28
Let c(y) = 132*y - 343. Calculate the remainder when c(8) is divided by 143.
141
What is the remainder when (-1010)/(-8) + 150/(-600) is divided by 13?
9
Let a(g) be the third derivative of g**5/20 - g**4/8 + 2*g**3/3 + 3*g**2. Calculate the remainder when a(-4) is divided by 18/(-4)*(-22)/3.
31
Suppose -4*z + 2*c = -10, -5*c - 1 = -3*z - 11. Suppose -1044 = -4*v - z*v. Calculate the remainder when v is divided by 40.
36
Suppose 58*n = 69*n - 363. Suppose 2*m - 291 = -m. Calculate the remainder when m is divided by n.
31
Let n(r) = -4*r**2 + r + 4*r**2 - 6 - r**3 + 7*r**2 - 6*r. Let f be n(6). Suppose -3*q + 7*q - 60 = f. Calculate the remainder when q is divided by 9.
6
Let y be (30/(-45))/(2/(-3)). Calculate the remainder when 1/(y/10)*10/4 is divided by 4.
1
Suppose d + 189 + 83 = 3*y, -d + 4 = 0. What is the remainder when y is divided by 43?
6
Let l = 393 + -360. Calculate the remainder when l is divided by 17.
16
Let w(y) = -y**3 - y + 29. Suppose 0 = 3*i - n + 3*n, -2*i = 4*n. What is the remainder when w(i) is divided by 3/((-3)/(-19)) + 3/(-1)?
13
Let c(d) = -28*d**3 - d**2 - d. Let b(a) = -8*a**3 - 33*a**2 - 10*a - 4. What is the remainder when c(-1) is divided by b(-4)?
8
Let o be (6/(-4))/((-12)/(-80)). Let i = o + 19. Let v = 25 + -22. What is the remainder when i is divided by v?
0
Suppose -4*n - 486 = -2*n. What is the remainder when 16 is divided by (-6)/(-9)*n/(-18)?
7
Suppose 0 = -6*k - 4*k + 460. What is the remainder when 125 is divided by k?
33
Let s = -797 + 849. What is the remainder when 413 is divided by s?
49
Let f(u) = -u**2 + 9*u - 17. Let c be f(4). Suppose c*k + 35 = 4*k. Calculate the remainder when 170 is divided by k.
30
Let g(j) = 2*j**2 - 19*j - 7. Let r be g(10). Suppose 0 = -z - 7*p + 2*p + 32, 3*z - 132 = r*p. What is the remainder when 124 is divided by z?
40
Let k = -7 + 9. Let i be (-1)/k - 18/(-4). Suppose -2*g = -5*t + 4*t - 87, 5*t + 159 = i*g. What is the remainder when g is divided by 16?
14
Calculate the remainder when 64 is divided by (-36)/(-234) - 282/(-26).
9
Let i(c) = -40*c + 6. Let d be i(-6). Suppose d = 5*o - 3*l, -2*o - 4*l - 8 = -122. Let y(b) = 6*b - 12. What is the remainder when o is divided by y(5)?
15
Suppose -2*b + 3 = b, -5*g + 43 = -2*b. Let r(h) = -4*h + 21. Let k be r(6). Calculate the remainder when 22 is divided by 78/g - (-2)/k.
6
Let v be (-128)/(-5) + 2/5. Suppose -l = l - v. What is the remainder when -5*(-20)/50 + 35 is divided by l?
11
Suppose -16*q + 223 = -177. What is the remainder when 48 is divided by q?
23
Suppose 8*q - 2505 = -849. Suppose 5*b = -3*d + 211, -b = -6*b - d + q. Calculate the remainder when 78 is divided by b.
37
Suppose 85 = 5*p - 3*c - 21, -62 = -3*p + c. Calculate the remainder when 21 is divided by p.
1
Suppose -44 = -4*h - 2*f, 3*h - 44 + 13 = -f. Suppose 94 = 2*n - 2*r, 4*n - 4*r = 8*n - 212. What is the remainder when n is divided by h?
5
Suppose -2*s = 4*v - 62, -3*v - 2*v + 25 = 0. Let i = -14 + 49. Suppose i = -5*o + 345. What is the remainder when o is divided by s?
20
Suppose -4*c + 90 = 5*n, 16 + 20 = 2*n - 5*c. Calculate the remainder when 88 is divided by n.
16
Suppose -694 - 870 = -23*a. Calculate the remainder when 815 is divided by a.
67
Let a = -1112 + 1168. Calculate the remainder when 91 is divided by a.
35
Let t be (-6)/36 - 76/(-24). Suppose 0 = 5*q + t*s - 54, -5*s = 3*q - 6*q + 12. Calculate the remainder when 12 is divided by q.
3
Let n = -4412 - -4480. Let w = 34 - 20. Calculate the remainder when n is divided by w.
12
Let q = 24 + -21. Suppose q*s - 88 = -19. Calculate the remainder when s is divided by 9.
5
Let y = 4 + 58. Let g be (18/24)/((-1)/(-8)). What is the remainder when y is divided by (2 - 4) + g*3?
14
Let f = -121 + 209. Let y = -63 + f. What is the remainder when 71 is divided by y?
21
What is the remainder when (8/32)/((-5)/(-2380)) is divided by 11?
9
Let k(h) = -7*h - 17. Suppose 126 = -f - 6*f. What is the remainder when k(f) is divided by 28?
25
Let g(r) = r**2 + 6*r + 12. Let j be g(-9). Suppose -k - j - 4 = -y, 119 = 3*y - k. Let n = 28 - 18. What is the remainder when y is divided by n?
8
Let v(h) = h**2 + 18*h - 2. What is the remainder when v(8) is divided by 52?
50
Let g(u) = -223*u + 2 + 5 + 0 - u**2 + 237*u. What is the remainder when 23 is divided by g(14)?
2
Suppose -4*z - z - 3*o = -1100, -5*o - 25 = 0. What is the remainder when z is divided by 15?
13
Let b = 26 + -23. Suppose 18 = -b*n + 195. Suppose 5*u - 75 = -15. What is the remainder when n is divided by u?
11
Let w(r) = -r**3 - 8*r**2 - 7*r + 2. Let p be w(-7). Suppose 7*v + 23 = 3*v + 5*a, -5*a = -p*v - 19. Calculate the remainder when 3 - v/(-2)*2 is divided by 1.
0
Let x(h) = 2*h - 20*h + 2*h - 29. What is the remainder when x(-4) is divided by 13?
9
Let r = 21 + -11. Suppose -13*t - 12 = -17*t. What is the remainder when r is divided by t?
1
Let w(k) = -124*k - 25*k + 39*k. Let y be w(-2). Suppose -7*r + 2*r + y = 0. Calculate the remainder when r is divided by 9.
8
Calculate the remainder when 15720/90*2/(4/3) is divided by 24.
22
Let z(m) = -2*m**3 + 3*m - 4. Suppose -594 = -64*n + 10*n. Calculate the remainder when z(-3) is divided by n.
8
Let k = 38 + -38. Suppose -4*h + 5*h - w - 18 = k, -2*w - 10 = 0. Calculate the remainder when h is divided by 4.
1
Let s = 770 + -753. What is the remainder when 19 is divided by s?
2
What is the remainder when 96 is divided by (5 - 15)*(3 + -6)?
6
Let n(d) be the first derivative of d**3 - 3*d**2 - 4*d + 26. What is the remainder when n(5) is divided by 17?
7
Let w = 25 - -53. Calculate the remainder when w is divided by 44.
34
Let k = 220 - 179. Calculate the remainder when 79 is divided by k.
38
Suppose -358 = -5*u + 92. Suppose y - u = -4*f - 0*f, 84 = 4*f + 4*y. Let w = -11 + f. Calculate the remainder when w is divided by 8.
4
Let s = -150 + 251. Suppose 0 = 5*w + 1 + 14. Calculate the remainder when s is divided by (-2 + 3)*23 - w.
23
Let i = 28 + -2. Suppose -h - u + i = 0, h - 3*u = -8*u + 6. Calculate the remainder when h is divided by 9.
4
Let a(i) = -4*i**2 + 32*i - 9. Calculate the remainder when a(7) is divided by 14.
5
Suppose 5*m - 11*m = -168. Calculate the remainder when 194 is divided by m.
26
Let f = 2102 - 1323. What is the remainder when f is divided by 60?
59
Let k(s) = -s**3 - 12*s**2 - 11*s + 2. Let i be k(-11). Suppose -2*l - l + 19 = -2*c, i*l - 3*c = 16. What is the remainder when l is divided by 2?
1
Let j(o) = o**3 + 33*o**2 - 35*o + 9. Calculate the remainder when 144 is divided by j(-34).
15
Let h = -4 + 15. Suppose -3*l + 25 = -4*r, 9*r = -l + 4*r + 2. What is the remainder when h is divided by l?
4
Suppose